{"id":230,"date":"2022-07-01T08:06:20","date_gmt":"2022-07-01T01:06:20","guid":{"rendered":"https:\/\/congchung2tphcm.com.vn\/ekios\/?page_id=230"},"modified":"2022-07-01T10:05:25","modified_gmt":"2022-07-01T03:05:25","slug":"chung-thuc-chu-ky","status":"publish","type":"page","link":"https:\/\/congchung2tphcm.com.vn\/ekios\/chung-thuc-chu-ky\/","title":{"rendered":"CH\u1ee8NG TH\u1ef0C CH\u1eee K\u00dd"},"content":{"rendered":"<p class=\"has-text-align-center\"><strong>(Ban h\u00e0nh k\u00e8m Quy\u1ebft \u0111\u1ecbnh s\u1ed1 2700\/Q\u0110-UBND ng\u00e0y 29\/6\/2018 c\u1ee7a UBND Th\u00e0nh ph\u1ed1 H\u1ed3 Ch\u00ed Minh)<\/strong><\/p>\n<p><strong>a) Tr\u00ecnh t\u1ef1 th\u1ef1c hi\u1ec7n:<\/strong><\/p>\n<p>\u2013\u00a0<strong>B\u01b0\u1edbc 1:<\/strong>\u00a0Ng\u01b0\u1eddi y\u00eau c\u1ea7u ch\u1ee9ng th\u1ef1c n\u1ed9p h\u1ed3 s\u01a1 tr\u1ef1c ti\u1ebfp t\u1ea1i T\u1ed5 ch\u1ee9c h\u00e0nh ngh\u1ec1 C\u00f4ng ch\u1ee9ng (Ph\u00f2ng C\u00f4ng ch\u1ee9ng ho\u1eb7c V\u0103n ph\u00f2ng C\u00f4ng ch\u1ee9ng), t\u1eeb th\u1ee9 hai \u0111\u1ebfn th\u1ee9 s\u00e1u (bu\u1ed5i s\u00e1ng t\u1eeb 07 gi\u1edd 30 ph\u00fat \u0111\u1ebfn 11 gi\u1edd 30 ph\u00fat, bu\u1ed5i chi\u1ec1u t\u1eeb 13 gi\u1edd 00 ph\u00fat \u0111\u1ebfn 17 gi\u1edd 00 ph\u00fat) v\u00e0 bu\u1ed5i s\u00e1ng th\u1ee9 b\u1ea3y (t\u1eeb 07 gi\u1edd 30 ph\u00fat \u0111\u1ebfn 11 gi\u1edd 30 ph\u00fat) v\u00e0 th\u1eddi gian T\u1ed5 ch\u1ee9c h\u00e0nh ngh\u1ec1 C\u00f4ng ch\u1ee9ng l\u00e0m vi\u1ec7c th\u00eam ho\u1eb7c y\u00eau c\u1ea7u ch\u1ee9ng th\u1ef1c ngo\u00e0i tr\u1ee5 s\u1edf c\u1ee7a T\u1ed5 ch\u1ee9c h\u00e0nh ngh\u1ec1 C\u00f4ng ch\u1ee9ng n\u1ebfu ng\u01b0\u1eddi y\u00eau c\u1ea7u ch\u1ee9ng th\u1ef1c thu\u1ed9c di\u1ec7n gi\u00e0 y\u1ebfu, kh\u00f4ng th\u1ec3 \u0111i l\u1ea1i \u0111\u01b0\u1ee3c, \u0111ang b\u1ecb t\u1ea1m gi\u1eef, t\u1ea1m giam, thi h\u00e0nh \u00e1n ph\u1ea1t t\u00f9 ho\u1eb7c c\u00f3 l\u00fd do ch\u00ednh \u0111\u00e1ng kh\u00e1c.<\/p>\n<p><strong>\u2013 B\u01b0\u1edbc 2:\u00a0<\/strong>Ti\u1ebfp nh\u1eadn h\u1ed3 s\u01a1, ki\u1ec3m tra th\u00e0nh ph\u1ea7n, s\u1ed1 l\u01b0\u1ee3ng h\u1ed3 s\u01a1:<\/p>\n<p>* Tr\u01b0\u1eddng h\u1ee3p vi\u1ec7c ti\u1ebfp nh\u1eadn th\u00f4ng qua b\u1ed9 ph\u1eadn ti\u1ebfp nh\u1eadn h\u1ed3 s\u01a1 th\u00ec b\u1ed9 ph\u1eadn ti\u1ebfp nh\u1eadn chuy\u1ec3n h\u1ed3 s\u01a1 cho C\u00f4ng ch\u1ee9ng vi\u00ean ki\u1ec3m tra gi\u1ea5y t\u1edd trong h\u1ed3 s\u01a1 y\u00eau c\u1ea7u ch\u1ee9ng th\u1ef1c;<\/p>\n<p>* Tr\u01b0\u1eddng h\u1ee3p C\u00f4ng ch\u1ee9ng vi\u00ean tr\u1ef1c ti\u1ebfp nh\u1eadn, th\u00ec th\u1ef1c hi\u1ec7n ki\u1ec3m tra gi\u1ea5y t\u1edd trong h\u1ed3 s\u01a1 y\u00eau c\u1ea7u ch\u1ee9ng th\u1ef1c:<\/p>\n<p>+ Tr\u01b0\u1eddng h\u1ee3p h\u1ed3 s\u01a1 ch\u01b0a \u0111\u1ea7y \u0111\u1ee7 th\u00ec ng\u01b0\u1eddi ti\u1ebfp nh\u1eadn h\u1ed3 s\u01a1 ho\u1eb7c C\u00f4ng ch\u1ee9ng vi\u00ean h\u01b0\u1edbng d\u1eabn ng\u01b0\u1eddi y\u00eau c\u1ea7u ch\u1ee9ng th\u1ef1c b\u1ed5 sung h\u1ed3 s\u01a1 theo quy \u0111\u1ecbnh ho\u1eb7c h\u01b0\u1edbng d\u1eabn n\u1ed9p h\u1ed3 s\u01a1 \u0111\u1ebfn c\u01a1 quan c\u00f3 th\u1ea9m quy\u1ec1n ch\u1ee9ng th\u1ef1c, n\u1ebfu n\u1ed9p h\u1ed3 s\u01a1 kh\u00f4ng \u0111\u00fang c\u01a1 quan c\u00f3 th\u1ea9m quy\u1ec1n;<\/p>\n<p>* Tr\u01b0\u1eddng h\u1ee3p ti\u1ebfp nh\u1eadn h\u1ed3 s\u01a1 sau 15 gi\u1edd m\u00e0 T\u1ed5 ch\u1ee9c h\u00e0nh ngh\u1ec1 C\u00f4ng ch\u1ee9ng kh\u00f4ng th\u1ec3 gi\u1ea3i quy\u1ebft v\u00e0 tr\u1ea3 k\u1ebft qu\u1ea3 ngay trong ng\u00e0y th\u00ec ng\u01b0\u1eddi ti\u1ebfp nh\u1eadn h\u1ed3 s\u01a1 ph\u1ea3i c\u00f3 phi\u1ebfu h\u1eb9n ghi r\u00f5 th\u1eddi gian (gi\u1edd, ng\u00e0y) tr\u1ea3 k\u1ebft qu\u1ea3 cho ng\u01b0\u1eddi y\u00eau c\u1ea7u ch\u1ee9ng th\u1ef1c.<\/p>\n<p>\u2013\u00a0<strong>B\u01b0\u1edbc 3:<\/strong>\u00a0C\u00f4ng ch\u1ee9ng vi\u00ean ki\u1ec3m tra c\u00e1c gi\u1ea5y t\u1edd y\u00eau c\u1ea7u ch\u1ee9ng th\u1ef1c:<\/p>\n<p>* Tr\u01b0\u1eddng h\u1ee3p gi\u1ea5y t\u1edd \u0111\u1ea7y \u0111\u1ee7 theo quy \u0111\u1ecbnh v\u00e0 C\u00f4ng ch\u1ee9ng vi\u00ean nh\u1eadn th\u1ea5y ng\u01b0\u1eddi y\u00eau c\u1ea7u ch\u1ee9ng th\u1ef1c minh m\u1eabn, nh\u1eadn th\u1ee9c v\u00e0 l\u00e0m ch\u1ee7 \u0111\u01b0\u1ee3c h\u00e0nh vi c\u1ee7a m\u00ecnh v\u00e0 vi\u1ec7c ch\u1ee9ng th\u1ef1c kh\u00f4ng thu\u1ed9c c\u00e1c tr\u01b0\u1eddng h\u1ee3p kh\u00f4ng \u0111\u01b0\u1ee3c ch\u1ee9ng th\u1ef1c ch\u1eef k\u00fd theo quy \u0111\u1ecbnh, th\u00ec \u0111\u1ec1 ngh\u1ecb ng\u01b0\u1eddi y\u00eau c\u1ea7u ch\u1ee9ng th\u1ef1c k\u00fd ho\u1eb7c \u0111i\u1ec3m ch\u1ec9 (n\u1ebfu ng\u01b0\u1eddi y\u00eau c\u1ea7u ch\u1ee9ng th\u1ef1c kh\u00f4ng k\u00fd \u0111\u01b0\u1ee3c) v\u00e0o gi\u1ea5y t\u1edd c\u1ea7n ch\u1ee9ng th\u1ef1c tr\u01b0\u1edbc m\u1eb7t C\u00f4ng ch\u1ee9ng vi\u00ean v\u00e0 C\u00f4ng ch\u1ee9ng vi\u00ean th\u1ef1c hi\u1ec7n ch\u1ee9ng th\u1ef1c;<\/p>\n<p>* Tr\u01b0\u1eddng h\u1ee3p ng\u01b0\u1eddi y\u00eau c\u1ea7u ch\u1ee9ng th\u1ef1c kh\u00f4ng th\u1ec3 k\u00fd, kh\u00f4ng th\u1ec3 \u0111i\u1ec3m ch\u1ec9 \u0111\u01b0\u1ee3c: N\u1ebfu C\u00f4ng ch\u1ee9ng vi\u00ean nh\u1eadn th\u1ea5y ng\u01b0\u1eddi y\u00eau c\u1ea7u ch\u1ee9ng th\u1ef1c minh m\u1eabn, nh\u1eadn th\u1ee9c v\u00e0 l\u00e0m ch\u1ee7 \u0111\u01b0\u1ee3c h\u00e0nh vi c\u1ee7a m\u00ecnh v\u00e0 vi\u1ec7c ch\u1ee9ng th\u1ef1c kh\u00f4ng thu\u1ed9c c\u00e1c tr\u01b0\u1eddng h\u1ee3p kh\u00f4ng \u0111\u01b0\u1ee3c ch\u1ee9ng th\u1ef1c ch\u1eef k\u00fd theo quy \u0111\u1ecbnh th\u00ec C\u00f4ng ch\u1ee9ng vi\u00ean th\u1ef1c hi\u1ec7n ch\u1ee9ng th\u1ef1c.<\/p>\n<p>Vi\u1ec7c ch\u1ee9ng th\u1ef1c \u0111\u01b0\u1ee3c C\u00f4ng ch\u1ee9ng vi\u00ean th\u1ef1c hi\u1ec7n<strong><em>\u00a0<\/em><\/strong>nh\u01b0 sau:<\/p>\n<p>+ Ghi \u0111\u1ea7y \u0111\u1ee7 l\u1eddi ch\u1ee9ng ch\u1ee9ng th\u1ef1c ch\u1eef k\u00fd theo m\u1eabu quy \u0111\u1ecbnh;<\/p>\n<p>+ K\u00fd, ghi r\u00f5 h\u1ecd t\u00ean C\u00f4ng ch\u1ee9ng vi\u00ean, \u0111\u00f3ng d\u1ea5u c\u1ee7a T\u1ed5 ch\u1ee9c h\u00e0nh ngh\u1ec1 C\u00f4ng ch\u1ee9ng th\u1ef1c hi\u1ec7n ch\u1ee9ng th\u1ef1c v\u00e0 ghi v\u00e0o s\u1ed5 ch\u1ee9ng th\u1ef1c.<\/p>\n<p>\u0110\u1ed1i v\u1edbi gi\u1ea5y t\u1edd, v\u0103n b\u1ea3n c\u00f3 t\u1eeb 02 (hai) trang tr\u1edf l\u00ean th\u00ec ghi l\u1eddi ch\u1ee9ng v\u00e0o trang cu\u1ed1i, n\u1ebfu gi\u1ea5y t\u1edd, v\u0103n b\u1ea3n c\u00f3 t\u1eeb 02 (hai) t\u1edd tr\u1edf l\u00ean th\u00ec ph\u1ea3i \u0111\u00f3ng d\u1ea5u gi\u00e1p lai;<\/p>\n<p>* Trong tr\u01b0\u1eddng h\u1ee3p t\u1eeb ch\u1ed1i ch\u1ee9ng th\u1ef1c, C\u00f4ng ch\u1ee9ng vi\u00eanph\u1ea3i gi\u1ea3i th\u00edch r\u00f5 l\u00fd do b\u1eb1ng v\u0103n b\u1ea3n cho ng\u01b0\u1eddi y\u00eau c\u1ea7u ch\u1ee9ng th\u1ef1c.<\/p>\n<p>\u2013\u00a0<strong>B\u01b0\u1edbc 4:<\/strong>\u00a0Ng\u01b0\u1eddi y\u00eau c\u1ea7u ch\u1ee9ng th\u1ef1c nh\u1eadn k\u1ebft qu\u1ea3 t\u1ea1i n\u01a1i n\u1ed9p h\u1ed3 s\u01a1.<\/p>\n<p><strong>b) C\u00e1ch th\u1ee9c th\u1ef1c hi\u1ec7n:<\/strong>\u00a0N\u1ed9p h\u1ed3 s\u01a1 v\u00e0 nh\u1eadn k\u1ebft qu\u1ea3 tr\u1ef1c ti\u1ebfp t\u1ea1i T\u1ed5 ch\u1ee9c h\u00e0nh ngh\u1ec1 C\u00f4ng ch\u1ee9ng ho\u1eb7c y\u00eau c\u1ea7u ch\u1ee9ng th\u1ef1c ngo\u00e0i tr\u1ee5 s\u1edf.<\/p>\n<p><strong>c) Th\u00e0nh ph\u1ea7n, s\u1ed1 l\u01b0\u1ee3ng h\u1ed3 s\u01a1:<\/strong><\/p>\n<p>\u2013 Th\u00e0nh ph\u1ea7n h\u1ed3 s\u01a1:<\/p>\n<p>+ Xu\u1ea5t tr\u00ecnh b\u1ea3n ch\u00ednh ho\u1eb7c b\u1ea3n sao c\u00f3 ch\u1ee9ng th\u1ef1c Gi\u1ea5y ch\u1ee9ng minh nh\u00e2n d\u00e2n ho\u1eb7c H\u1ed9 chi\u1ebfu c\u00f2n gi\u00e1 tr\u1ecb s\u1eed d\u1ee5ng;<\/p>\n<p>+<strong>\u00a0<\/strong>N\u1ed9pgi\u1ea5y t\u1edd, v\u0103n b\u1ea3n m\u00e0 ng\u01b0\u1eddi y\u00eau c\u1ea7u ch\u1ee9ng th\u1ef1c s\u1ebd k\u00fd v\u00e0o (s\u1ed1 l\u01b0\u1ee3ng theo nhu c\u1ea7u c\u1ee7a ng\u01b0\u1eddi y\u00eau c\u1ea7u ch\u1ee9ng th\u1ef1c).<\/p>\n<p>* Tr\u01b0\u1eddng h\u1ee3p ch\u1ee9ng th\u1ef1c ngo\u00e0i tr\u1ee5 s\u1edf th\u00ec ng\u01b0\u1eddi y\u00eau c\u1ea7u ch\u1ee9ng th\u1ef1c ph\u1ea3i n\u1ed9p v\u0103n b\u1ea3n y\u00eau c\u1ea7u ch\u1ee9ng th\u1ef1c ngo\u00e0i tr\u1ee5 s\u1edf.<\/p>\n<p>\u2013 S\u1ed1 l\u01b0\u1ee3ng h\u1ed3 s\u01a1: 01 b\u1ed9.<\/p>\n<p><strong>d) Th\u1eddi h\u1ea1n gi\u1ea3i quy\u1ebft:<\/strong>\u00a0Trong ng\u00e0y ti\u1ebfp nh\u1eadn y\u00eau c\u1ea7u ho\u1eb7c trong ng\u00e0y l\u00e0m vi\u1ec7c ti\u1ebfp theo, n\u1ebfu ti\u1ebfp nh\u1eadn y\u00eau c\u1ea7u sau 15 gi\u1edd.<\/p>\n<p><strong>\u0111) \u0110\u1ed1i t\u01b0\u1ee3ng th\u1ef1c hi\u1ec7n th\u1ee7 t\u1ee5c h\u00e0nh ch\u00ednh:<\/strong>\u00a0C\u00e1 nh\u00e2n.<\/p>\n<p><strong>e) C\u01a1 quan gi\u1ea3i quy\u1ebft th\u1ee7 t\u1ee5c h\u00e0nh ch\u00ednh:<\/strong>\u00a0T\u1ed5 ch\u1ee9c h\u00e0nh ngh\u1ec1 C\u00f4ng ch\u1ee9ng.<\/p>\n<p><strong>g) K\u1ebft qu\u1ea3 th\u1ef1c hi\u1ec7n th\u1ee7 t\u1ee5c h\u00e0nh ch\u00ednh:<\/strong>\u00a0Gi\u1ea5y t\u1edd, v\u0103n b\u1ea3n \u0111\u01b0\u1ee3c ch\u1ee9ng th\u1ef1c theo m\u1eabu quy \u0111\u1ecbnh ho\u1eb7c v\u0103n b\u1ea3n tr\u1ea3 l\u1eddi v\u1ec1 vi\u1ec7c t\u1eeb ch\u1ed1i ch\u1ee9ng th\u1ef1c, c\u00f3 n\u00eau r\u00f5 l\u00fd do t\u1eeb ch\u1ed1i.<\/p>\n<p><strong>h) Ph\u00ed, l\u1ec7 ph\u00ed:<\/strong>\u00a010.000 \u0111\u1ed3ng\/tr\u01b0\u1eddng h\u1ee3p (tr\u01b0\u1eddng h\u1ee3p \u0111\u01b0\u1ee3c t\u00ednh l\u00e0 m\u1ed9t ho\u1eb7c nhi\u1ec1u ch\u1eef k\u00fd trong m\u1ed9t gi\u1ea5y t\u1edd, v\u0103n b\u1ea3n).<\/p>\n<p><strong>i) T\u00ean m\u1eabu \u0111\u01a1n, m\u1eabu t\u1edd khai:\u00a0<\/strong>Kh\u00f4ng.<\/p>\n<p><strong>k) Y\u00eau c\u1ea7u, \u0111i\u1ec1u ki\u1ec7n th\u1ef1c hi\u1ec7n th\u1ee7 t\u1ee5c h\u00e0nh ch\u00ednh:<\/strong><\/p>\n<p><strong>\u2013\u00a0<\/strong>Nh\u1eefng tr\u01b0\u1eddng h\u1ee3p kh\u00f4ng \u0111\u01b0\u1ee3c ch\u1ee9ng th\u1ef1c ch\u1eef k\u00fd:<\/p>\n<p>+ T\u1ea1i th\u1eddi \u0111i\u1ec3m ch\u1ee9ng th\u1ef1c, ng\u01b0\u1eddi y\u00eau c\u1ea7u ch\u1ee9ng th\u1ef1c ch\u1eef k\u00fd kh\u00f4ng nh\u1eadn th\u1ee9c v\u00e0 l\u00e0m ch\u1ee7 \u0111\u01b0\u1ee3c h\u00e0nh vi c\u1ee7a m\u00ecnh;<\/p>\n<p>+ Ng\u01b0\u1eddi y\u00eau c\u1ea7u ch\u1ee9ng th\u1ef1c ch\u1eef k\u00fd xu\u1ea5t tr\u00ecnh Gi\u1ea5y ch\u1ee9ng minh nh\u00e2n d\u00e2n ho\u1eb7c H\u1ed9 chi\u1ebfu kh\u00f4ng c\u00f2n gi\u00e1 tr\u1ecb s\u1eed d\u1ee5ng ho\u1eb7c gi\u1ea3 m\u1ea1o;<\/p>\n<p>+ Gi\u1ea5y t\u1edd, v\u0103n b\u1ea3n m\u00e0 ng\u01b0\u1eddi y\u00eau c\u1ea7u ch\u1ee9ng th\u1ef1c k\u00fd v\u00e0o c\u00f3 n\u1ed9i dung tr\u00e1i ph\u00e1p lu\u1eadt, \u0111\u1ea1o \u0111\u1ee9c x\u00e3 h\u1ed9i; tuy\u00ean truy\u1ec1n, k\u00edch \u0111\u1ed9ng chi\u1ebfn tranh, ch\u1ed1ng ch\u1ebf \u0111\u1ed9 x\u00e3 h\u1ed9i ch\u1ee7 ngh\u0129a Vi\u1ec7t Nam; xuy\u00ean t\u1ea1c l\u1ecbch s\u1eed c\u1ee7a d\u00e2n t\u1ed9c Vi\u1ec7t Nam; x\u00fac ph\u1ea1m danh d\u1ef1, nh\u00e2n ph\u1ea9m, uy t\u00edn c\u1ee7a c\u00e1 nh\u00e2n, t\u1ed5 ch\u1ee9c; vi ph\u1ea1m quy\u1ec1n c\u00f4ng d\u00e2n;<\/p>\n<p>+ Gi\u1ea5y t\u1edd, v\u0103n b\u1ea3n c\u00f3 n\u1ed9i dung l\u00e0 h\u1ee3p \u0111\u1ed3ng, giao d\u1ecbch, tr\u1eeb c\u00e1c tr\u01b0\u1eddng h\u1ee3p ch\u1ee9ng th\u1ef1c ch\u1eef k\u00fd trong Gi\u1ea5y \u1ee7y quy\u1ec1n \u0111\u1ed1i v\u1edbi tr\u01b0\u1eddng h\u1ee3p \u1ee7y quy\u1ec1n kh\u00f4ng c\u00f3 th\u00f9 lao, kh\u00f4ng c\u00f3 ngh\u0129a v\u1ee5 b\u1ed3i th\u01b0\u1eddng c\u1ee7a b\u00ean \u0111\u01b0\u1ee3c \u1ee7y quy\u1ec1n v\u00e0 kh\u00f4ng li\u00ean quan \u0111\u1ebfn vi\u1ec7c chuy\u1ec3n quy\u1ec1n s\u1edf h\u1eefu t\u00e0i s\u1ea3n, quy\u1ec1n s\u1eed d\u1ee5ng b\u1ea5t \u0111\u1ed9ng s\u1ea3n ho\u1eb7c tr\u01b0\u1eddng h\u1ee3p ph\u00e1p lu\u1eadt c\u00f3 quy \u0111\u1ecbnh kh\u00e1c.<\/p>\n<p>\u2013 Khi ch\u1ee9ng th\u1ef1c ch\u1eef k\u00fd trong gi\u1ea5y t\u1edd, v\u0103n b\u1ea3n b\u1eb1ng ti\u1ebfng n\u01b0\u1edbc ngo\u00e0i, n\u1ebfu ng\u01b0\u1eddi th\u1ef1c hi\u1ec7n ch\u1ee9ng th\u1ef1c kh\u00f4ng hi\u1ec3u r\u00f5 n\u1ed9i dung c\u1ee7a gi\u1ea5y t\u1edd, v\u0103n b\u1ea3n th\u00ec c\u00f3 quy\u1ec1n y\u00eau c\u1ea7u ng\u01b0\u1eddi y\u00eau c\u1ea7u ch\u1ee9ng th\u1ef1c n\u1ed9p k\u00e8m b\u1ea3n d\u1ecbch ra ti\u1ebfng Vi\u1ec7t n\u1ed9i dung c\u1ee7a gi\u1ea5y t\u1edd, v\u0103n b\u1ea3n \u0111\u00f3. B\u1ea3n d\u1ecbch gi\u1ea5y t\u1edd, v\u0103n b\u1ea3n kh\u00f4ng ph\u1ea3i c\u00f4ng ch\u1ee9ng ho\u1eb7c ch\u1ee9ng th\u1ef1c ch\u1eef k\u00fd ng\u01b0\u1eddi d\u1ecbch; ng\u01b0\u1eddi y\u00eau c\u1ea7u ch\u1ee9ng th\u1ef1c ph\u1ea3i ch\u1ecbu tr\u00e1ch nhi\u1ec7m v\u1ec1 n\u1ed9i dung c\u1ee7a b\u1ea3n d\u1ecbch.<\/p>\n<p><strong><em>l) C\u0103n c\u1ee9 ph\u00e1p l\u00fd c\u1ee7a th\u1ee7 t\u1ee5c h\u00e0nh ch\u00ednh:<\/em><\/strong><\/p>\n<p>\u2013 Lu\u1eadt C\u00f4ng ch\u1ee9ng ng\u00e0y 20 th\u00e1ng 6 n\u0103m 2014 (c\u00f3 hi\u1ec7u l\u1ef1c k\u1ec3 t\u1eeb ng\u00e0y 01 th\u00e1ng 01 n\u0103m 2015);<\/p>\n<p>\u2013 Ngh\u1ecb \u0111\u1ecbnh s\u1ed1 23\/2015\/N\u0110-CP ng\u00e0y 16 th\u00e1ng 02 n\u0103m 2015 c\u1ee7a Ch\u00ednh ph\u1ee7 v\u1ec1 c\u1ea5p b\u1ea3n sao t\u1eeb b\u1ea3n ch\u00ednh, ch\u1ee9ng th\u1ef1c ch\u1eef k\u00fd v\u00e0 ch\u1ee9ng th\u1ef1c h\u1ee3p \u0111\u1ed3ng, giao d\u1ecbch (c\u00f3 hi\u1ec7u l\u1ef1c k\u1ec3 t\u1eeb ng\u00e0y 10 th\u00e1ng 4 n\u0103m 2015);<\/p>\n<p>\u2013 Th\u00f4ng t\u01b0 s\u1ed1 20\/2015\/TT-BTP ng\u00e0y 29 th\u00e1ng 12 n\u0103m 2015 c\u1ee7a B\u1ed9 tr\u01b0\u1edfng B\u1ed9 T\u01b0 ph\u00e1p quy \u0111\u1ecbnh chi ti\u1ebft v\u00e0 h\u01b0\u1edbng d\u1eabn thi h\u00e0nh m\u1ed9t s\u1ed1 \u0111i\u1ec1u c\u1ee7a Ngh\u1ecb \u0111\u1ecbnh s\u1ed1 23\/2015\/N\u0110-CP ng\u00e0y 16 th\u00e1ng 02 n\u0103m 2015 c\u1ee7a Ch\u00ednh ph\u1ee7 v\u1ec1 c\u1ea5p b\u1ea3n sao t\u1eeb s\u1ed5 g\u1ed1c, ch\u1ee9ng th\u1ef1c b\u1ea3n sao t\u1eeb b\u1ea3n ch\u00ednh, ch\u1ee9ng th\u1ef1c ch\u1eef k\u00fd v\u00e0 ch\u1ee9ng th\u1ef1c h\u1ee3p \u0111\u1ed3ng, giao d\u1ecbch (c\u00f3 hi\u1ec7u l\u1ef1c k\u1ec3 t\u1eeb ng\u00e0y 15 th\u00e1ng 02 n\u0103m 2016);<\/p>\n<p><em>\u2013 Th\u00f4ng t\u01b0 s\u1ed1 257\/2016\/TT-BTC\u00a0<\/em><em>ng\u00e0y 11 th\u00e1ng 01 n\u0103m 2016 c\u1ee7a B\u1ed9 tr\u01b0\u1edfng B\u1ed9 T\u00e0i ch\u00ednh quy \u0111\u1ecbnh m\u1ee9c thu, ch\u1ebf \u0111\u1ed9 thu, n\u1ed9p, qu\u1ea3n l\u00fd, s\u1eed d\u1ee5ng ph\u00ed c\u00f4ng ch\u1ee9ng; ph\u00ed ch\u1ee9ng th\u1ef1c; ph\u00ed th\u1ea9m \u0111\u1ecbnh ti\u00eau chu\u1ea9n, \u0111i\u1ec1u ki\u1ec7n h\u00e0nh ngh\u1ec1 c\u00f4ng ch\u1ee9ng; ph\u00ed th\u1ea9m \u0111\u1ecbnh \u0111i\u1ec1u ki\u1ec7n ho\u1ea1t \u0111\u1ed9ng v\u0103n ph\u00f2ng c\u00f4ng ch\u1ee9ng; l\u1ec7 ph\u00ed c\u1ea5p th\u1ebb c\u00f4ng ch\u1ee9ng vi\u00ean (c\u00f3 hi\u1ec7u l\u1ef1c k\u1ec3 t\u1eeb ng\u00e0y 01 th\u00e1ng 01 n\u0103m 2016).<\/em><\/p>\n","protected":false},"excerpt":{"rendered":"<p>(Ban h\u00e0nh k\u00e8m Quy\u1ebft \u0111\u1ecbnh s\u1ed1 2700\/Q\u0110-UBND ng\u00e0y 29\/6\/2018 c\u1ee7a UBND Th\u00e0nh ph\u1ed1 H\u1ed3 Ch\u00ed Minh) a) Tr\u00ecnh t\u1ef1 th\u1ef1c hi\u1ec7n: \u2013\u00a0B\u01b0\u1edbc 1:\u00a0Ng\u01b0\u1eddi y\u00eau c\u1ea7u ch\u1ee9ng th\u1ef1c n\u1ed9p h\u1ed3 s\u01a1 tr\u1ef1c ti\u1ebfp t\u1ea1i T\u1ed5 ch\u1ee9c h\u00e0nh ngh\u1ec1 C\u00f4ng ch\u1ee9ng (Ph\u00f2ng C\u00f4ng ch\u1ee9ng ho\u1eb7c V\u0103n ph\u00f2ng C\u00f4ng ch\u1ee9ng), t\u1eeb th\u1ee9 hai \u0111\u1ebfn th\u1ee9 s\u00e1u (bu\u1ed5i s\u00e1ng &hellip;<\/p>\n<p class=\"read-more\"> <a class=\"\" href=\"https:\/\/congchung2tphcm.com.vn\/ekios\/chung-thuc-chu-ky\/\"> <span class=\"screen-reader-text\">CH\u1ee8NG TH\u1ef0C CH\u1eee K\u00dd<\/span> Read More &raquo;<\/a><\/p>\n","protected":false},"author":1,"featured_media":0,"parent":0,"menu_order":0,"comment_status":"closed","ping_status":"closed","template":"","meta":{"site-sidebar-layout":"default","site-content-layout":"default","ast-global-header-display":"","ast-main-header-display":"","ast-hfb-above-header-display":"","ast-hfb-below-header-display":"","ast-hfb-mobile-header-display":"","site-post-title":"","ast-breadcrumbs-content":"","ast-featured-img":"","footer-sml-layout":"","theme-transparent-header-meta":"default","adv-header-id-meta":"","stick-header-meta":"","header-above-stick-meta":"","header-main-stick-meta":"","header-below-stick-meta":"","footnotes":""},"class_list":["post-230","page","type-page","status-publish","hentry"],"_links":{"self":[{"href":"https:\/\/congchung2tphcm.com.vn\/ekios\/wp-json\/wp\/v2\/pages\/230","targetHints":{"allow":["GET"]}}],"collection":[{"href":"https:\/\/congchung2tphcm.com.vn\/ekios\/wp-json\/wp\/v2\/pages"}],"about":[{"href":"https:\/\/congchung2tphcm.com.vn\/ekios\/wp-json\/wp\/v2\/types\/page"}],"author":[{"embeddable":true,"href":"https:\/\/congchung2tphcm.com.vn\/ekios\/wp-json\/wp\/v2\/users\/1"}],"replies":[{"embeddable":true,"href":"https:\/\/congchung2tphcm.com.vn\/ekios\/wp-json\/wp\/v2\/comments?post=230"}],"version-history":[{"count":2,"href":"https:\/\/congchung2tphcm.com.vn\/ekios\/wp-json\/wp\/v2\/pages\/230\/revisions"}],"predecessor-version":[{"id":456,"href":"https:\/\/congchung2tphcm.com.vn\/ekios\/wp-json\/wp\/v2\/pages\/230\/revisions\/456"}],"wp:attachment":[{"href":"https:\/\/congchung2tphcm.com.vn\/ekios\/wp-json\/wp\/v2\/media?parent=230"}],"curies":[{"name":"wp","href":"https:\/\/api.w.org\/{rel}","templated":true}]}}